{"id":231,"date":"2018-05-24T17:54:13","date_gmt":"2018-05-24T15:54:13","guid":{"rendered":"http:\/\/microfinance.tresor.gouv.ci\/micro\/?page_id=231"},"modified":"2018-06-06T16:54:45","modified_gmt":"2018-06-06T14:54:45","slug":"commission-nationale-pour-la-microfinance","status":"publish","type":"page","link":"https:\/\/microfinance.tresor.gouv.ci\/micro\/ministere-de-leconomie-et-des-finances\/commission-nationale-pour-la-microfinance\/","title":{"rendered":"Commission Nationale pour la Microfinance (CNM)"},"content":{"rendered":"<p><strong>Mise en place de l\u2019organe<\/strong><\/p>\n<p>La CNM a \u00e9t\u00e9 cr\u00e9\u00e9e par l\u2019arr\u00eat\u00e9 n\u00b0241\/MEMEF\/DGTCP\/CE du 08 ao\u00fbt 2002 dans un contexte marqu\u00e9 par la d\u00e9gradation des performances du secteur. Cet organe d\u00e9cisionnel rattach\u00e9 au Ministre charg\u00e9 des finances a pour objectif de garantir la viabilit\u00e9 des SFD et de permettre leur insertion dans le secteur financier moderne.<br \/>Cet arr\u00eat\u00e9 a \u00e9t\u00e9 modifi\u00e9 \u00e0\u00a0plusieurs reprises par :<\/p>\n<ul>\n<li>l\u2019arr\u00eat\u00e9 n\u00b0074\/MEMEF\/DGTCP\/DT du 28 mars 2003;<\/li>\n<li>l\u2019arr\u00eat\u00e9 n\u00b0092\/MEMEF\/DGTCP\/DT du 08 avril 2003;<\/li>\n<li>l\u2019arr\u00eat\u00e9 n\u00b0283\/MEMEF\/DGTCP\/DT du 15 septembre 2003;<\/li>\n<li>l\u2019arr\u00eat\u00e9 n\u00b0439\/MEMEF\/DGTCP\/DIF-CE du 10 novembre 2005;<\/li>\n<li>l\u2019arr\u00eat\u00e9 n\u00b0116\/MEF\/DGTCP\/DM du 09 mars 2010;<\/li>\n<li>l\u2019arr\u00eat\u00e9 n\u00b0348\/MEF\/DGTCP\/DM du 13 septembre 2012.<\/li>\n<\/ul>\n<p>Ces diff\u00e9rents textes ont apport\u00e9 progressivement des changements dans les attributions et dans la composition de la commission.<\/p>\n<p><strong>Missions et attributions<\/strong><\/p>\n<p>Selon le dernier arr\u00eat\u00e9 modificatif, la CNM est charg\u00e9e de :<\/p>\n<ul>\n<li>examiner les dossiers de demande d\u2019autorisation d\u2019exercer en tant qu\u2019institution de Microfinance avant transmission \u00e0\u00a0 la Banque Centrale ;<\/li>\n<li>examiner tous rapports ou \u00e9tudes relatifs \u00e0 la gestion des institutions de Microfinances\u00a0;<\/li>\n<li>auditionner les dirigeants des institutions de Microfinance dans tous les cas se rapportant \u00e0\u00a0 leur situation financi\u00e8re\u00a0;<\/li>\n<li>proposer au Ministre charg\u00e9 des finances des sanctions disciplinaires \u00e0 l\u2019encontre des institutions de Microfinance suivant la nature et la gravit\u00e9 des infractions commises ;<\/li>\n<li>proposer au Ministre charg\u00e9 des finances la saisine du minist\u00e8re public \u00e0\u00a0 l\u2019encontre des dirigeants ayant commis des fautes passibles de poursuite p\u00e9nales ;<\/li>\n<li>valider les plans de redressement, d\u2019assainissement et de d\u00e9veloppement du secteur ainsi que le budget d\u2019ex\u00e9cution y aff\u00e9rent ;<\/li>\n<li>suivre la mise en \u0153uvre de tout programme d\u2019appui et de d\u00e9veloppement du secteur conform\u00e9ment \u00e0\u00a0 la Strat\u00e9gie Nationale de la Microfinance\u00a0;<\/li>\n<li>proposer au Ministre charg\u00e9 des finances des actions ou des mesures en faveur du secteur de la Microfinance.<\/li>\n<\/ul>\n<p><strong>Composition<\/strong><\/p>\n<p>La CNM est constitu\u00e9e de 17 membres \u00e9num\u00e9r\u00e9s comme suit:<\/p>\n<ul>\n<li>le Directeur G\u00e9n\u00e9ral du Tr\u00e9sor et de la Comptabilit\u00e9 Publique, Pr\u00e9sident de la Commission ;<\/li>\n<li>le Repr\u00e9sentant du Pr\u00e9sident de la R\u00e9publique ;<\/li>\n<li>le Repr\u00e9sentant du Premier Ministre ;<\/li>\n<li>le Conseiller Technique charg\u00e9 de la Microfinance au Minist\u00e8re de l\u2019Economie et des Finances, Repr\u00e9sentant le Cabinet du Ministre ;<\/li>\n<li>le Repr\u00e9sentant du Minist\u00e8re d\u2019Etat, Minist\u00e8re du Plan et du D\u00e9veloppement ;<\/li>\n<li>le Directeur National de la BCEAO pour la C\u00f4te d\u2019Ivoire ou son Repr\u00e9sentant ;<\/li>\n<li>le Directeur G\u00e9n\u00e9ral des Imp\u00f4ts ou son Repr\u00e9sentant ;<\/li>\n<li>le Directeur G\u00e9n\u00e9ral de l\u2019Economie ou son Repr\u00e9sentant ;<\/li>\n<li>le Directeur G\u00e9n\u00e9ral du Budget et des Finances ou son Repr\u00e9sentant ;<\/li>\n<li>les Directeurs G\u00e9n\u00e9raux Adjoints du Tr\u00e9sor et de la Comptabilit\u00e9 Publique ;<\/li>\n<li>l\u2019Inspecteur G\u00e9n\u00e9ral des Finances ou son Repr\u00e9sentant ;<\/li>\n<li>l\u2019Inspecteur G\u00e9n\u00e9ral du Tr\u00e9sor\u00a0;<\/li>\n<li>le Directeur du Tr\u00e9sor ;<\/li>\n<li>l\u2019Agent Judiciaire du Tr\u00e9sor ;<\/li>\n<li>deux Repr\u00e9sentants de la BCEAO.<\/li>\n<\/ul>\n<p>Assur\u00e9 par la Direction de la Microfinance, le Secr\u00e9tariat de la CNM est charg\u00e9 d\u2019\u00e9laborer tous les documents devant \u00eatre soumis \u00e0 l\u2019examen de la CNM et d\u2019ex\u00e9cuter toutes les d\u00e9cisions qui y sont prises.<\/p>\n<p><strong>Fonctionnement<\/strong><\/p>\n<p>La CNM se r\u00e9unit une fois par mois sur convocation de son Pr\u00e9sident. Toutefois, elle peut se r\u00e9unir lorsque la situation du secteur et l\u2019urgence de certains dossiers le requi\u00e8rent. Elle ne d\u00e9lib\u00e8re valablement que lorsque la majorit\u00e9 de ses membres est pr\u00e9sente.<br \/>Aussi, le quorum doit \u00eatre atteint \u00e0 l\u2019ouverture de la s\u00e9ance qui se tient normalement au si\u00e8ge de ladite commission. N\u00e9anmoins, elle peut se tenir en tout autre lieu choisi par le Pr\u00e9sident. Les d\u00e9cisions de la CNM sont prises \u00e0\u00a0 la majorit\u00e9 des Commissaires pr\u00e9sents.<\/p>\n","protected":false},"excerpt":{"rendered":"<p>Mise en place de l\u2019organe La CNM a \u00e9t\u00e9 cr\u00e9\u00e9e par l\u2019arr\u00eat\u00e9 n\u00b0241\/MEMEF\/DGTCP\/CE du 08 ao\u00fbt 2002 dans un contexte marqu\u00e9 par la d\u00e9gradation des performances du secteur. Cet organe d\u00e9cisionnel rattach\u00e9 au Ministre charg\u00e9 des finances a pour objectif de garantir la viabilit\u00e9 des SFD et de permettre leur insertion dans le secteur financier&#8230;<\/p>\n","protected":false},"author":2,"featured_media":0,"parent":218,"menu_order":0,"comment_status":"closed","ping_status":"closed","template":"","meta":{"footnotes":""},"class_list":["post-231","page","type-page","status-publish","hentry"],"_links":{"self":[{"href":"https:\/\/microfinance.tresor.gouv.ci\/micro\/wp-json\/wp\/v2\/pages\/231","targetHints":{"allow":["GET"]}}],"collection":[{"href":"https:\/\/microfinance.tresor.gouv.ci\/micro\/wp-json\/wp\/v2\/pages"}],"about":[{"href":"https:\/\/microfinance.tresor.gouv.ci\/micro\/wp-json\/wp\/v2\/types\/page"}],"author":[{"embeddable":true,"href":"https:\/\/microfinance.tresor.gouv.ci\/micro\/wp-json\/wp\/v2\/users\/2"}],"replies":[{"embeddable":true,"href":"https:\/\/microfinance.tresor.gouv.ci\/micro\/wp-json\/wp\/v2\/comments?post=231"}],"version-history":[{"count":4,"href":"https:\/\/microfinance.tresor.gouv.ci\/micro\/wp-json\/wp\/v2\/pages\/231\/revisions"}],"predecessor-version":[{"id":398,"href":"https:\/\/microfinance.tresor.gouv.ci\/micro\/wp-json\/wp\/v2\/pages\/231\/revisions\/398"}],"up":[{"embeddable":true,"href":"https:\/\/microfinance.tresor.gouv.ci\/micro\/wp-json\/wp\/v2\/pages\/218"}],"wp:attachment":[{"href":"https:\/\/microfinance.tresor.gouv.ci\/micro\/wp-json\/wp\/v2\/media?parent=231"}],"curies":[{"name":"wp","href":"https:\/\/api.w.org\/{rel}","templated":true}]}}